What are the prime factors of 292072552?
2, 1087, 33587
What are the prime factors of 139068533?
37, 3758609
List the prime factors of 615544549.
615544549
What are the prime factors of 418341212?
2, 97, 1078199
What are the prime factors of 1379863909?
23, 31, 1935293
What are the prime factors of 8690838?
2, 3, 13, 67, 1663
What are the prime factors of 40835931?
3, 13611977
List the prime factors of 350369003.
269, 617, 2111
What are the prime factors of 2488755152?
2, 13, 137, 87337
What are the prime factors of 97468652?
2, 29, 67, 12541
What are the prime factors of 17524757?
271, 64667
What are the prime factors of 55160078?
2, 19, 4021
What are the prime factors of 1394324096?
2, 11, 990287
What are the prime factors of 1795654?
2, 7, 73, 251
List the prime factors of 217364796.
2, 3, 11, 71, 859
What are the prime factors of 529097038?
2, 264548519
List the prime factors of 463996255.
5, 347, 267433
What are the prime factors of 123219774?
2, 3, 17, 23687
What are the prime factors of 1499169965?
5, 79, 3795367
List the prime factors of 186518263.
186518263
What are the prime factors of 209043660?
2, 3, 5, 7, 53, 9391
What are the prime factors of 180737515?
5, 7, 673, 7673
List the prime factors of 5513526964.
2, 11, 103, 1216577
List the prime factors of 5778052508.
2, 3677, 392851
List the prime factors of 131108059.
397, 330247
What are the prime factors of 390079898?
2, 13, 1523, 9851
What are the prime factors of 267082715?
5, 19, 2811397
What are the prime factors of 75271071?
3, 797, 31481
What are the prime factors of 146456412?
2, 3, 12204701
What are the prime factors of 1168674250?
2, 5, 41, 113, 1009
List the prime factors of 2756538842.
2, 4637, 297233
List the prime factors of 2282081825.
5, 91283273
What are the prime factors of 55422122?
2, 7, 59, 229, 293
List the prime factors of 75572873.
569, 132817
List the prime factors of 3389334.
2, 3, 13, 19, 2287
List the prime factors of 1433272153.
179, 349, 22943
List the prime factors of 51349075.
5, 163, 12601
What are the prime factors of 86301089?
7, 2251, 5477
What are the prime factors of 50437995?
3, 5, 41, 82013
List the prime factors of 1088301316.
2, 272075329
List the prime factors of 729237208.
2, 7, 265757
What are the prime factors of 2988442075?
5, 19, 347, 18131
List the prime factors of 81402544.
2, 277, 18367
List the prime factors of 60412470.
2, 3, 5, 2013749
List the prime factors of 289310916.
2, 3, 149, 161807
What are the prime factors of 522425737?
149, 3506213
What are the prime factors of 4209117287?
31, 347, 391291
What are the prime factors of 297758131?
11, 31, 163, 487
What are the prime factors of 49831257?
3, 7, 1499, 1583
List the prime factors of 6527691226.
2, 7, 23, 787, 25759
What are the prime factors of 447148196?
2, 11, 1039, 9781
What are the prime factors of 2699286053?
19, 142067687
List the prime factors of 43631450.
2, 5, 151, 5779
List the prime factors of 852983905.
5, 43, 353, 11239
List the prime factors of 2163501673.
2163501673
List the prime factors of 113130881.
281, 402601
List the prime factors of 1718623468.
2, 359, 1196813
List the prime factors of 42648212.
2, 29, 109, 3373
List the prime factors of 77050718.
2, 137, 281207
What are the prime factors of 23428184?
2, 13, 47, 4793
What are the prime factors of 29384967?
3, 9794989
What are the prime factors of 1332845657?
11, 13, 9320599
List the prime factors of 3962083756.
2, 19, 1481, 35201
What are the prime factors of 26905559?
653, 41203
List the prime factors of 3181812159.
3, 1060604053
List the prime factors of 5715371177.
23, 41, 269, 22531
What are the prime factors of 264870920?
2, 5, 29, 228337
What are the prime factors of 127084985?
5, 25416997
List the prime factors of 84949622.
2, 41, 593, 1747
What are the prime factors of 2830389?
3, 37, 43, 593
What are the prime factors of 2870714749?
7, 410102107
What are the prime factors of 165778605?
3, 5, 3683969
List the prime factors of 418941209.
418941209
List the prime factors of 45780803.
37, 421, 2939
What are the prime factors of 114712647?
3, 7, 2143, 2549
What are the prime factors of 2645643299?
13, 127, 911, 1759
What are the prime factors of 66146202?
2, 3, 41, 47, 1907
What are the prime factors of 2586353272?
2, 323294159
List the prime factors of 20670503.
7, 421847
List the prime factors of 216326496.
2, 3, 17, 41, 53, 61
What are the prime factors of 2344904330?
2, 5, 29, 137, 59021
What are the prime factors of 342870235?
5, 1291, 53117
List the prime factors of 1090149014.
2, 6827, 79841
What are the prime factors of 1404573065?
5, 7, 17, 1321, 1787
What are the prime factors of 673012220?
2, 5, 3767, 8933
What are the prime factors of 1034536774?
2, 31, 953, 17509
What are the prime factors of 3493570261?
17, 19, 139, 77813
What are the prime factors of 17288924?
2, 43, 100517
List the prime factors of 852925328.
2, 409, 130337
What are the prime factors of 7685709287?
151, 50898737
List the prime factors of 4177771447.
3989, 1047323
List the prime factors of 21079876.
2, 31, 47, 3617
List the prime factors of 159298866.
2, 3, 71, 41549
What are the prime factors of 107331451?
107331451
List the prime factors of 45248839.
1877, 24107
What are the prime factors of 148916678?
2, 71, 1048709
What are the prime factors of 382131462?
2, 3, 223, 285599
What are the prime factors of 46877437?
977, 47981
What are the prime factors of 1311898407?
3, 437299469
What are the prime factors of 1042532270?
2, 5, 13, 23, 26821
List the prime factors of 6251286221.
113, 55321117
What are the prime factors of 2260277313?
3, 7, 17, 29, 233, 937
What are the prime factors of 40822264?
2, 7, 728969
What are the prime factors of 1727866862?
2, 311, 2777921
What are the prime factors of 896179992?
2, 3, 19, 31, 63397
List the prime factors of 2970788837.
2970788837
What are the prime factors of 77901994?
2, 139, 280223
List the prime factors of 1403003592.
2, 3, 37, 163, 359
What are the prime factors of 42000124?
2, 10500031
What are the prime factors of 3433078305?
3, 5, 587, 129967
What are the prime factors of 458472148?
2, 1499, 76463
What are the prime factors of 33290091?
3, 647, 5717
What are the prime factors of 58857714?
2, 3, 41, 173, 461
List the prime factors of 82923795.
3, 5, 1151, 1601
What are the prime factors of 474890712?
2, 3, 19, 1041427
List the prime factors of 2495497895.
5, 11, 1697, 26737
What are the prime factors of 10317902?
2, 7, 736993
List the prime factors of 2315631197.
11, 3677, 57251
What are the prime factors of 129996941?
607, 214163
What are the prime factors of 497776802?
2, 248888401
What are the prime factors of 6154921278?
2, 3, 11, 2825951
List the prime factors of 391099729.
391099729
List the prime factors of 1623611583.
3, 11, 1031, 15907
What are the prime factors of 484239965?
5, 11, 229, 38447
What are the prime factors of 56001107?
97, 577331
What are the prime factors of 571476853?
61, 733, 12781
What are the prime factors of 1757526210?
2, 3, 5, 11, 199, 811
What are the prime factors of 20398508?
2, 13, 392279
What are the prime factors of 22110774?
2, 3, 7, 23, 47, 487
What are the prime factors of 237530934?
2, 3, 1871, 2351
List the prime factors of 217901958.
2, 3, 353, 102881
List the prime factors of 43855157.
61, 718937
List the prime factors of 5325529030.
2, 5, 532552903
What are the prime factors of 755164931?
37, 2027, 10069
List the prime factors of 454516681.
29, 89, 229, 769
List the prime factors of 617869101.
3, 431, 477857
What are the prime factors of 103240113?
3, 109, 239, 1321
What are the prime factors of 227906227?
227906227
What are the prime factors of 2209470725?
5, 7, 11, 37, 67, 463
What are the prime factors of 831248103?
3, 7, 5654749
What are the prime factors of 5432693701?
5432693701
List the prime factors of 249105222.
2, 3, 13839179
What are the prime factors of 91934?
2, 43, 1069
List the prime factors of 139309505.
5, 23, 31, 1699
What are the prime factors of 1483179669?
3, 37, 373, 11941
What are the prime factors of 215459072?
2, 841637
List the prime factors of 48695192.
2, 7, 13, 66889
List the prime factors of 548704665.
3, 5, 17, 239087
List the prime factors of 67610671.
67610671
What are the prime factors